{"id":595,"date":"2024-01-11T23:26:50","date_gmt":"2024-01-11T22:26:50","guid":{"rendered":"https:\/\/goulmy-electricite.fr\/?page_id=595"},"modified":"2024-01-11T23:46:31","modified_gmt":"2024-01-11T22:46:31","slug":"blog","status":"publish","type":"page","link":"https:\/\/goulmy-electricite.fr\/index.php\/blog\/","title":{"rendered":"Blog"},"content":{"rendered":"\n<div id=\"wp-block-themeisle-blocks-advanced-columns-92b66990\" class=\"wp-block-themeisle-blocks-advanced-columns has-1-columns has-desktop-equal-layout has-tablet-equal-layout has-mobile-equal-layout has-vertical-unset\"><div class=\"wp-block-themeisle-blocks-advanced-columns-overlay\"><\/div><div class=\"innerblocks-wrap\">\n<div id=\"wp-block-themeisle-blocks-advanced-column-3f41a73b\" class=\"wp-block-themeisle-blocks-advanced-column\"><\/div>\n<\/div><\/div>\n\n\n\n<div id=\"wp-block-themeisle-blocks-advanced-columns-48e3067a\" class=\"wp-block-themeisle-blocks-advanced-columns has-1-columns has-desktop-equal-layout has-tablet-equal-layout has-mobile-equal-layout has-vertical-unset\"><div class=\"wp-block-themeisle-blocks-advanced-columns-overlay\"><\/div><div class=\"innerblocks-wrap\">\n<div id=\"wp-block-themeisle-blocks-advanced-column-61ed6ed5\" class=\"wp-block-themeisle-blocks-advanced-column\">\n<div class=\"wp-block-columns is-layout-flex wp-container-core-columns-layout-1 wp-block-columns-is-layout-flex\">\n<div class=\"wp-block-column is-layout-flow wp-block-column-is-layout-flow\"><div class=\"wp-block-themeisle-blocks-posts-grid\" id=\"wp-block-themeisle-blocks-posts-grid-9eb19003\"><div class=\"is-grid o-posts-grid-columns-3\"><div class=\"o-posts-grid-post-blog o-posts-grid-post-plain\"><div class=\"o-posts-grid-post\"><div class=\"o-posts-grid-post-image\"><a href=\"https:\/\/goulmy-electricite.fr\/index.php\/2024\/01\/12\/comment-choisir-la-puissance-de-son-radiateur-a-inertie\/\"><img loading=\"lazy\" decoding=\"async\" width=\"1000\" height=\"1000\" src=\"https:\/\/goulmy-electricite.fr\/wp-content\/uploads\/2024\/01\/drdhamvl_ls_1000_a.jpg\" class=\"attachment-full size-full\" alt=\"\" srcset=\"https:\/\/goulmy-electricite.fr\/wp-content\/uploads\/2024\/01\/drdhamvl_ls_1000_a.jpg 1000w, https:\/\/goulmy-electricite.fr\/wp-content\/uploads\/2024\/01\/drdhamvl_ls_1000_a-300x300.jpg 300w, https:\/\/goulmy-electricite.fr\/wp-content\/uploads\/2024\/01\/drdhamvl_ls_1000_a-150x150.jpg 150w\" sizes=\"100vw\" \/><\/a><\/div><div class=\"o-posts-grid-post-body\"><span class=\"o-posts-grid-post-category\"><a href=\"https:\/\/goulmy-electricite.fr\/index.php\/category\/economie-denergie\/\">Economie d&#039;\u00e9nergie<\/a><\/span><h5 class=\"o-posts-grid-post-title\"><a href=\"https:\/\/goulmy-electricite.fr\/index.php\/2024\/01\/12\/comment-choisir-la-puissance-de-son-radiateur-a-inertie\/\">COMMENT CHOISIR LA PUISSANCE DE SON RADIATEUR \u00c0 INERTIE<\/a><\/h5><p class=\"o-posts-grid-post-meta\">Posted on <time datetime=\"2024-01-12T00:40:52+01:00\">12 January 2024<\/time> by <a href=\"https:\/\/goulmy-electricite.fr\/index.php\/author\/nicolas-goulmy\/\">nicolas.goulmy<\/a><\/p><div class=\"o-posts-grid-post-description\"><p>Aujourd&#039;hui, le chauffage \u00e0 inertie est consid\u00e9r\u00e9 comme l&#039;un des radiateurs les moins \u00e9nergivores di\u2026<\/p><\/div><\/div><\/div><\/div><div class=\"o-posts-grid-post-blog o-posts-grid-post-plain\"><div class=\"o-posts-grid-post\"><div class=\"o-posts-grid-post-image\"><a href=\"https:\/\/goulmy-electricite.fr\/index.php\/2020\/01\/13\/web-design-trends-for-2022\/\"><img loading=\"lazy\" decoding=\"async\" width=\"600\" height=\"600\" src=\"https:\/\/goulmy-electricite.fr\/wp-content\/uploads\/2020\/01\/neve-web-design-bg-10.jpg\" class=\"attachment-full size-full\" alt=\"\" srcset=\"https:\/\/goulmy-electricite.fr\/wp-content\/uploads\/2020\/01\/neve-web-design-bg-10.jpg 600w, https:\/\/goulmy-electricite.fr\/wp-content\/uploads\/2020\/01\/neve-web-design-bg-10-300x300.jpg 300w, https:\/\/goulmy-electricite.fr\/wp-content\/uploads\/2020\/01\/neve-web-design-bg-10-150x150.jpg 150w\" sizes=\"100vw\" \/><\/a><\/div><div class=\"o-posts-grid-post-body\"><span class=\"o-posts-grid-post-category\"><a href=\"https:\/\/goulmy-electricite.fr\/index.php\/category\/generale\/\">G\u00e9n\u00e9rale<\/a><\/span><h5 class=\"o-posts-grid-post-title\"><a href=\"https:\/\/goulmy-electricite.fr\/index.php\/2020\/01\/13\/web-design-trends-for-2022\/\">Web Design Trends for 2022<\/a><\/h5><p class=\"o-posts-grid-post-meta\">Posted on <time datetime=\"2020-01-13T11:22:22+01:00\">13 January 2020<\/time> by <a href=\"https:\/\/goulmy-electricite.fr\/index.php\/author\/nicolas-goulmy\/\">nicolas.goulmy<\/a><\/p><div class=\"o-posts-grid-post-description\"><p>Introduction Readymade godard brooklyn, kogi shoreditch hashtag hella shaman kitsch man bun pinteres\u2026<\/p><\/div><\/div><\/div><\/div><\/div> <\/div><\/div>\n<\/div>\n<\/div>\n<\/div><\/div>\n\n\n\n<p><\/p>\n","protected":false},"excerpt":{"rendered":"","protected":false},"author":1,"featured_media":0,"parent":0,"menu_order":0,"comment_status":"closed","ping_status":"closed","template":"","meta":{"_themeisle_gutenberg_block_has_review":false,"_ti_tpc_template_sync":false,"_ti_tpc_template_id":"","footnotes":""},"_links":{"self":[{"href":"https:\/\/goulmy-electricite.fr\/index.php\/wp-json\/wp\/v2\/pages\/595"}],"collection":[{"href":"https:\/\/goulmy-electricite.fr\/index.php\/wp-json\/wp\/v2\/pages"}],"about":[{"href":"https:\/\/goulmy-electricite.fr\/index.php\/wp-json\/wp\/v2\/types\/page"}],"author":[{"embeddable":true,"href":"https:\/\/goulmy-electricite.fr\/index.php\/wp-json\/wp\/v2\/users\/1"}],"replies":[{"embeddable":true,"href":"https:\/\/goulmy-electricite.fr\/index.php\/wp-json\/wp\/v2\/comments?post=595"}],"version-history":[{"count":2,"href":"https:\/\/goulmy-electricite.fr\/index.php\/wp-json\/wp\/v2\/pages\/595\/revisions"}],"predecessor-version":[{"id":612,"href":"https:\/\/goulmy-electricite.fr\/index.php\/wp-json\/wp\/v2\/pages\/595\/revisions\/612"}],"wp:attachment":[{"href":"https:\/\/goulmy-electricite.fr\/index.php\/wp-json\/wp\/v2\/media?parent=595"}],"curies":[{"name":"wp","href":"https:\/\/api.w.org\/{rel}","templated":true}]}}